-7
Let b(y) = 18*y + 5. Let g(j) be the second derivative of 19*j**3/6 + 3*j**2 + 20*j + 1. Let s(k) = -7*b(k) + 6*g(k). What is s(3)?
-35
Let y(h) = -h - 120. Let a(d) = -d - 147. Let g(q) = -6*a(q) + 7*y(q). Determine g(-36).
78
Let s = -3 - -8. Suppose -25*m + 0*m = 3*m. Suppose s*x - 1 = -5*f + 24, m = 4*f - x - 30. Let q(n) = n**3 - 6*n**2 - 8*n + 6. Calculate q(f).
-1
Let a(k) = -15*k + 41. Let l = -37401 - -37407. Calculate a(l).
-49
Let u(x) = x**3 + 5*x**2 + 3*x - 3. Let w = -362 + 366. Suppose 0 = 5*j + 2*b + 9, -3*j + w*b - 7*b = 0. Calculate u(j).
6
Let r(b) = -16 - 2 + 14 + 5 - 17*b. What is r(4)?
-67
Let w(b) = 6*b**3 + b**2 + 7*b + 6. Let p = 884 + -885. What is w(p)?
-6
Let h(v) = -v**3 - 10*v**2 + 10*v - 6. Let l be (-45)/55 + 1 + 1169/(-77). Let b = -129 - -195. Let c be l/((-270)/(-12))*b/4. Determine h(c).
5
Let i(m) = -m**2 + 22*m - 99. Let a be 21*((-3)/9 - 18/(-27)). Determine i(a).
6
Let j(n) = -19*n**2 + 48*n - 118. Let t(r) = -5*r**2 + 12*r - 30. Let d(a) = 4*j(a) - 15*t(a). Suppose -6*f + 72 = 2*f. Determine d(f).
5
Suppose 68*w - 30 = 72*w - 2*l, -2*w = -4*l + 12. Let i(g) = -g**3 - 5*g**2 + 21*g - 11. Determine i(w).
13
Let b(z) = 3*z**2 - 2*z. Suppose -3*f + 4*v = 35, 2 = -3*v + 17. Let n(k) = -k - 10. Let o be n(f). Let h be 6/1 + 1 + o. What is b(h)?
8
Let g(l) = 227*l + 35862. Let p be g(-158). Let w(n) be the third derivative of -n**6/120 - n**5/20 + 2*n**3/3 + n**2. Give w(p).
20
Let t = 6146 - 6145. Let g(w) be the second derivative of 7*w**4/12 + w**2/2 - 2*w. Let h(n) be the first derivative of g(n). Give h(t).
14
Let y(g) = -16*g + 75. Suppose -17*h = -t - 3*t - 118, 0 = -2*h - 3*t. Give y(h).
-21
Let l(f) = -16*f + 192. Let o = -3513 + 3524. Give l(o).
16
Let k(v) = v**3 + 7*v**2 - 9*v + 3. Let g(l) = -2*l + 26. Let o be g(13). Suppose o = 9*z - 10*z + 31. Suppose z + 1 = -4*h. What is k(h)?
11
Let z(y) = y**2 + 6*y - 8. Let s be -1 + 24/15 - (-452)/(-20). Let c be (s/(-14) - 1)*(-21)/(-6). Let w be 12*c/8*-2. Give z(w).
-8
Let h(i) = -2*i - 9. Let z(n) = 34*n + 13. Let y(t) = 2*h(t) + z(t). What is y(2)?
55
Let j(p) = 2*p**2 + p + 2. Let l(i) = -12*i**2 - 27*i - 26. Let s(q) = -5*j(q) - l(q). Determine s(-14).
100
Let y(j) be the first derivative of j**3/3 - 15*j**2/2 - 3*j + 2824. Suppose 3*a - 2*a = 15. Calculate y(a).
-3
Let w(q) = -q**2 - 3*q + 10. Let d be w(0). Let b(n) = -20*n**2 + 9*n**2 - d*n**2 - 10*n**2 - n. What is b(-1)?
-30
Suppose -2*q - q - 3*x = 0, -5*x - 16 = -3*q. Let k = -26 - -29. Let r(c) = -c**k - c**2 + 6*c + 2*c**2 - 6*c. Give r(q).
-4
Let y(f) = -128*f + 4 - 4 + 191*f + 36. Calculate y(-1).
-27
Let q(m) = m**3 + 6*m**2 + 6*m + 4. Let k be 32/3 + (-34)/51. Suppose v + k = -v. Let u be q(v). Let r(j) = -8*j. Determine r(u).
8
Let i be 1 + (5 + 15)/5. Suppose -j + i = -b - 5, -3*j - 3*b = -6. Let q(y) = -6 + 0*y + y + 0 - 2. What is q(j)?
-2
Let d(k) be the second derivative of 73*k**3/2 - 435*k**2 - 477*k. What is d(4)?
6
Let h(s) = -1 - 17 - s**2 + 5 + 19*s - 18. Let v be h(17). Let o(a) = -a**2 + 4*a + 1. Calculate o(v).
4
Let u = 3251 + -1869. Let k(y) = -u*y**3 + 1381*y**3 + 4*y**2 - 3*y + 3*y. Determine k(4).
0
Let j(s) be the second derivative of -3*s + 1/12*s**4 + 1/20*s**5 - 1/2*s**3 + 35 + 3*s**2. Give j(-3).
-3
Let q = -643 - -659. Suppose -3*u = o - 15, 4*u + 4 = -o + 24. Suppose -u*w + q = -w. Let b(h) = 3*h + 3. Give b(w).
15
Let v = 262 + -145. Let f(o) = -2 + 233*o - 126*o - v*o. Determine f(-3).
28
Let j(x) be the third derivative of 0*x - 1/24*x**4 - 1/15*x**5 - 28*x**2 + 2/3*x**3 + 1/120*x**6 + 0. Suppose 3 = 3*u - 9. Calculate j(u).
0
Let v(d) = -2*d**3 - 9*d**2 + 6*d. Let a = 352 + -306. Let i be (10/(-2))/(a - 45). Give v(i).
-5
Let o be -6*2/3*1. Let x(r) be the first derivative of -r**2 - 4*r - 1/3*r**3 - 50. Determine x(o).
-12
Let p(z) be the second derivative of 2*z**4/3 - z**2 + 1112*z. Let m = -5 + 3. What is p(m)?
30
Let o(i) = 13*i**2 - 24*i + 19. Let a(y) = 3*y**2 - 5*y + 4. Let s(c) = -9*a(c) + 2*o(c). What is s(-2)?
4
Let r(b) = 92*b - 2*b**2 - 45*b**3 + 53*b**3 - 93*b. Determine r(-1).
-9
Let v(c) = c**3 + 8*c**2 + 12*c + 7. Let o(s) = s**3 + 8*s**2 - 8*s - 27. Let h be o(-9). Let p be (2/((-3)/h*-2))/2. Determine v(p).
7
Let n(s) = -3*s + 3. Let d(u) be the third derivative of 7*u**4/24 + 37*u**3/2 - 43*u**2 - 2. Let x be d(-15). Calculate n(x).
-15
Let i(b) = -3 - 4*b - 38 + 72 - 4*b. Let z be i(3). Suppose -z = 6*u - 1. Let w(k) = -k**3 + k**2 + k + 1. Calculate w(u).
2
Let x(v) = -2*v**2 - 4*v + 5. Let r(p) be the first derivative of -3*p**2/2 - 61*p - 38. Let w be r(-19). Determine x(w).
-11
Let b(y) = 2*y - 12. Suppose -3*k + 21 = -6. Let x be b(k). Let s(m) = m**2 - 7*m + 1. Let j be s(x). Let u(f) = -f**2 - 7*f - 7. Determine u(j).
3
Let l(u) = 3*u**2 - 4*u**2 + 3*u - 3 + 3*u**2 + 0*u**2. Suppose 0 = 5*n + 8 - 18. Give l(n).
11
Let r(h) = h**3 + 6*h**2 - 43*h - 212. Let w be r(-8). Let d(u) = u**3 - 6*u**2 + 5*u + 2. What is d(w)?
-10
Let u(w) be the third derivative of 5/6*w**3 + 15 + 7/24*w**4 + 0*w - 1/60*w**5 - w**2. Determine u(8).
-3
Let w(h) be the first derivative of -h**4/4 + 6*h**3 - 3*h**2 - 2*h - 9195. Determine w(18).
-110
Let o = -4011 + 4015. Let v(w) = -2*w**3 + w**2 + 14*w - 3. Determine v(o).
-59
Let k(c) be the second derivative of 5*c**3/6 - 29*c**2/2 + 15*c - 20. Determine k(13).
36
Let m(t) be the second derivative of -t**3/2 - 49*t**2/2 - 2*t + 11. Determine m(-13).
-10
Let w = -4 - -9. Let d(y) = 4*y**3 - 17*y**2 - 8*y - 24. Let l(j) = -3*j**3 + 11*j**2 + 5*j + 16. Let o(q) = w*d(q) + 7*l(q). Determine o(-8).
32
Let z(s) be the second derivative of s**5/20 - 4*s**4/3 + 7*s**3/3 + 7*s**2/2 - 24*s - 42. What is z(15)?
-8
Let r = -3571 - -3573. Let f(d) = d**3 - d**2 + d. Let z be (2/4)/((-3)/(-6)). Let y(b) = -5*b**3 + 5*b**2 - 4*b + 3. Let t(w) = r*f(w) + z*y(w). Give t(2).
-13
Let z(b) = b**2 - 7. Let v be z(3). Suppose 3*d - s = 29, -s = -v*d - 3*s + 14. Let r(u) = u**3 - 8*u**2 - 10*u + 11. What is r(d)?
2
Let r(i) = 4*i + 1. Let j(k) = 11 + k + 5 + 1. Let m be j(-12). Let w be -1*(1 - 0) - (-7 + m). Calculate r(w).
5
Let o(t) = -2*t**3 + 37*t**2 - 17*t + 1. Let h(g) = 60*g - 2502. Let d be h(42). Determine o(d).
19
Let x = -18 + 3. Let n be 140/3 + 5/x*2. Let v = 46 - n. Let k(h) = h**3 - h**2 - 8. Calculate k(v).
-8
Suppose 85 = -4*q + 93. Suppose q*w = -34 + 26. Let i(s) = s**2 + 4*s. Give i(w).
0
Let v be (2 + 2)/2 + -3. Let k(c) be the first derivative of -7*c**2/2 + 3*c - 2364. Calculate k(v).
10
Let b(k) = 13*k + 94. Let z be b(-7). Let a(y) = -y - 1. Let g be a(0). Let h be 2 + g - z/6*0. Let t(c) = 4*c - 1. Calculate t(h).
3
Let z(c) be the second derivative of 127*c + 0*c**3 + 0 - 1/6*c**4 + 0*c**2. Give z(1).
-2
Let a(o) = 1818*o**2 + o - 1817*o**2 - 6 - 2. What is a(0)?
-8
Let h be (-39)/26 + (-118)/(-4). Let n(a) = a - h - 33 + 107 - 28. Determine n(-16).
2
Let n(z) = -z**2 - 141*z + 2351. Let f be n(-156). Let s(p) be the third derivative of -p**4/12 + 7*p**3/3 - p**2. Give s(f).
-8
Let j(r) = r + 4. Let a be 2*(-12)/30*-5. Let w(b) = b**3 - 4*b**2 + b - 9. Let d be w(a). What is j(d)?
-1
Let d be 1204/301*(25/20 - (1 - 0)). Let w(s) = -3*s**3 + 2*s**2 + 17*s - 18. Calculate w(d).
-2
Let o(a) = -4*a**2 - 9*a + 4. Suppose 2*u - 4*k - 20 = 0, 43*u - 5*k - 39 = 44*u. Give o(u).
-24
Let p(d) = -d**2 + 10*d - 7. Let a be p(6). Let j(n) = -a*n + 18*n - 5*n**2 - 1 + 7*n**2 - n**2. Calculate j(0).
-1
Let z(j) = 165*j + 108. Let q(u) = -882*u - 541. Let w(f) = 3*q(f) + 16*z(f). Give w(16).
9
Let s(i) = -i + 33. Suppose -12 = -r + 5*j, -31 = -2*r + 8*j - 5*j. Determine s(r).
16
Let u(f) be the first derivative of -3/2*f**2 + 11*f + 29. Give u(6).
-7
Let v(x) = -2*x + 3. Suppose 36 = l - 2*h + 7*h, -h + 156 = 5*l. Let b(a) = -a - 43. Let c be b(-16). Let n = l + c. What is v(n)?
-5
Suppose 0 = 6*s + 4*s - 700. Let f be 4/14 - -2*95/s. Let r(m) = 4 + m - 4 - 1 - f. What is r(-6)?
-10
Let a(x) = 982*x - 4903. Let b be a(5). Let o(i) be the third derivative of -i**4/8 - 5*i**3/6 + 2*i**2. Determine o(b).
-26
Let k(i) be the third derivative of -i**4/24 + 2*i**3/3 - 10*i**2. Suppose h + c - 64 = 2*h, 3*h + 196 = 2*c. Let m = -71 - h. What is k(m)?
7
Let j(d) = -d**3 - 3*d**2 + d. Let p = 123 - 115. Suppose 21